. Let o(g) = -g**3 + 10*g**2 - g + 10. Let h be o(10). Suppose 5*a + 0*a - 60 = h. Calculate the remainder when z(-2) is divided by a.
9
Let f(k) = k**3 - 29*k**2 - 31*k + 55. Calculate the remainder when 95 is divided by f(30).
20
Suppose -2*c = -3*d - 19, c + 5*d = -4*c + 60. What is the remainder when 93 is divided by c?
5
Suppose -3*x + 3*p - 196 = -2*x, 2*p - 376 = 2*x. Let d = -14 - -29. Calculate the remainder when d is divided by 3/9 - x/24.
7
Suppose -4*u = 6*u. Suppose 2*p + 4 = u, h = -p + 5*p + 42. Calculate the remainder when (-2)/(-6) + 1194/9 is divided by h.
31
Let x(v) be the first derivative of v**2/2 + 36*v + 3. Calculate the remainder when x(17) is divided by 11.
9
Let j = 124 + -117. Let l(s) = 3*s**3 - 1 - 1 + 7*s**2 - 4*s**3 + 9*s. Calculate the remainder when l(j) is divided by 21.
19
Let y be 322/9 + 8/36. Let d = y - 19. Calculate the remainder when d is divided by 5.
2
Let i(f) = -5*f - 3. Suppose 4*m - 5*g = 3*m + 17, 4*m - 4*g - 20 = 0. What is the remainder when (99 + -1)/m - 3*1 is divided by i(-3)?
10
What is the remainder when (2 - -8) + (-11154)/(-22) is divided by 130?
127
Let p = -88 + -36. Let a be 183/(-2 + (-6)/(-12)*2). Let z = p - a. What is the remainder when z is divided by 31?
28
Let y = 816 - 758. What is the remainder when 229 is divided by y?
55
Let t(h) = -h**2 + 7*h + 33. Let g be t(9). Suppose -3*l = -3*x + g, 3*x + 0*l = 2*l + 20. What is the remainder when 97 is divided by x?
7
Let a = 35 - 35. Let o be (1 - (2 - 2))*a. Suppose o*v = v - 29. Calculate the remainder when 57 is divided by v.
28
Suppose 4 = 242*v - 241*v. Suppose -4*g + 2*o + 0*o + 826 = 0, 2*o - 822 = -v*g. Calculate the remainder when g is divided by 52.
50
Suppose 2*w + 1 = 9. Suppose 2*q - h - w*h = 44, 4*q + 3*h - 88 = 0. What is the remainder when (-3)/(-3)*(-126)/(-2) is divided by q?
19
Let v = -6 - -5. Let f(z) = -67*z - 1. Let j be f(v). Let w = -44 + j. Calculate the remainder when 65 is divided by w.
21
Calculate the remainder when 7 + 250/60*6 is divided by 17.
15
Let l be (12/(-15))/((-3)/60). Suppose 0 = -c - 5*y + l, 0*y + 2*y = 2*c - 8. Suppose 0 = -2*x + 34 + 8. What is the remainder when x is divided by c?
3
Let x(w) = -4*w - 3. Let y be x(-2). Let f(h) be the second derivative of 2*h**3/3 - h**2/2 - 33*h. Calculate the remainder when f(y) is divided by 5.
4
Suppose 2431 = 30*y - 2399. What is the remainder when y is divided by 36?
17
Let i(t) = -3*t**2 + 36*t - 14. Suppose -5*g + 2*s = -53, s + 31 = 5*g - 23. What is the remainder when i(11) is divided by g?
8
Let i(h) = h - 30*h**3 + 9 + 60*h**3 - 8*h**2 + 9 - 31*h**3. Calculate the remainder when i(-9) is divided by 31.
28
Let k = 229 + -847. Let a be k/(-7) + 2/(-7). Suppose 6*u = 2*u + a. What is the remainder when u is divided by 12?
10
Let w(v) be the third derivative of -2*v**2 - 1/3*v**3 - 1/24*v**4 + 0*v + 0 + 1/60*v**5. Calculate the remainder when 27 is divided by w(-3).
7
Let v(h) = -h**3 + h**2 + 4*h - 5. Let o be v(-4). Suppose -4*y = 4*i - 3*i - o, -5*y + 61 = i. Let m = 119 - i. What is the remainder when m is divided by 23?
22
Let k = 226 + -146. Suppose -2*q + 7*q = 0. Suppose -w + q*w + 21 = 0. Calculate the remainder when k is divided by w.
17
Let g = 2118 + -1872. Calculate the remainder when g is divided by 215.
31
Let m = 351 - 280. What is the remainder when 210 is divided by m?
68
Suppose 2*h = -j + 48, -3*j + 5*h + 22 = -144. Suppose -4*t + 17 = -31. Let m = 30 - t. What is the remainder when j is divided by m?
16
Let r = -2 - 0. Let l be 36*((-2)/(-3) - r). Suppose -2*i + l = 2*i. What is the remainder when 45 is divided by i?
21
Calculate the remainder when ((-91)/65)/(-7) - 1208/(-10) is divided by 34.
19
Suppose 0*w - 3*c - 314 = -4*w, 381 = 5*w + 2*c. What is the remainder when 148 is divided by w?
71
Let c(q) = 8*q - 23. Let x be c(-2). Let p = -81 - -41. Let a = x - p. Calculate the remainder when 1 is divided by a.
0
Suppose 5*m = 3*l + 450, -l - 485 = -5*m - 5*l. Calculate the remainder when m is divided by 36.
21
Let g = 20 - 18. Calculate the remainder when 17 is divided by 4/(-5)*(g - 12).
1
Let p(d) = -9*d - 11. Let l(j) = -7*j - 11. Let z(w) = 5*l(w) - 4*p(w). Calculate the remainder when 101 is divided by z(26).
11
What is the remainder when 94 is divided by 7/7 + (12 - -3) - 0?
14
Let i = 53 + -24. Calculate the remainder when 228 is divided by i.
25
Let g(n) = -28*n + 1399. Calculate the remainder when 131 is divided by g(49).
23
Suppose -2*f = 3*f - 10. Let x = 184 + -105. Calculate the remainder when x is divided by 13 + 4/f + 1.
15
Let v(u) = u**3 - 7*u**2 + u - 9. Let a be v(7). What is the remainder when 6 is divided by (-4)/(-3)*(5 + a)?
2
Let b(q) = 4*q + 43. Let d be b(-10). Suppose -x = d*x - 12. Suppose f + k = 2*k - 4, 3*f = -2*k + 13. What is the remainder when x is divided by f?
0
Suppose -5*b + 47 = -3*b - 5*k, 0 = k - 3. Suppose -68 = -5*c - 3. What is the remainder when b is divided by c?
5
Let u(o) = -o**3 + 14*o**2 - 7*o - 14. What is the remainder when u(5) is divided by 60?
56
Suppose -11*l + 12*l = 34. Let a = l + -12. What is the remainder when a is divided by 6?
4
Let f = -449 + 493. What is the remainder when 130 is divided by f?
42
Let n be (-2084)/(-18) - ((-87)/27 + 3). Let o = n + -55. Calculate the remainder when o is divided by 7.
5
Let g be 0 + 3 - (2 - -1). Let y be (-2)/2*(-1 + 0). Let q = y - g. What is the remainder when 3 is divided by q?
0
Let s(i) = 9*i**2 - 11*i - 2. What is the remainder when 16 is divided by s(2)?
4
Let u(z) = -15*z**3 + z. Let t(n) = -31*n**3 + 2*n. Let r(k) = -2*t(k) + 5*u(k). Calculate the remainder when r(-1) is divided by 8.
4
Let o(j) = -2*j**2 + 18*j - 4. Let n = -40 - -48. Calculate the remainder when 39 is divided by o(n).
3
Suppose p - 4*r = 50, r - 14 = -2*p + 95. Let q = -9 + 13. Suppose 2*h + 84 = q*v, 3*v - 1 = 4*v + 5*h. What is the remainder when p is divided by v?
16
Suppose -4*s + v - 6*v + 115 = 0, -3*s - 3*v = -84. What is the remainder when s is divided by 18?
7
Let q(d) = -2*d**3 + 43*d**2 - 55*d - 43. What is the remainder when 165 is divided by q(20)?
51
Let n = -529 + 666. What is the remainder when n is divided by 70?
67
Let q = 1 - -30. Suppose u - 27 = -3*r, u + 0 + 5 = r. What is the remainder when q is divided by (85/20)/(2/r)?
14
Let f = -118 - -130. Let m(u) = -u**3 - 7*u**2 - 8*u - 9. Let p be m(-6). Suppose 235 = p*w + 2*w. Calculate the remainder when w is divided by f.
11
Let b(m) = -5*m**3 - 34*m**2 - 2*m + 46. Suppose 0 = 3*u - 0 + 9. Calculate the remainder when b(-7) is divided by ((-14)/5)/(u/30).
25
Suppose -4*n - r = -610 - 919, 5*r + 1905 = 5*n. What is the remainder when n is divided by 17?
8
Suppose 3*j = -2*z + 123 + 250, 0 = 5*z + 3*j - 937. Calculate the remainder when z is divided by 21.
20
Let q(z) = -28*z - 8. Calculate the remainder when 116 is divided by q(-1).
16
Let q(c) = -c**2 + 18*c + 23. Let y be q(19). Suppose 3*t = 5*r - 0*r, y = -2*r + 2*t. Calculate the remainder when r/(-18) - 165/(-18) is divided by 3.
0
Suppose 0 = -4*h - 4*f + 932, -h + 343 = -4*f + 120. Calculate the remainder when h is divided by 99.
33
Let x = -13 - -8. Let p(y) = -1 + 4*y**2 - 6*y**3 - 5*y - 1 + 8 + 7*y**3. Calculate the remainder when p(x) is divided by 3.
0
Let r(v) = 198*v - 316. Calculate the remainder when r(6) is divided by 46.
44
Let j(t) = -t + 53. Let f be 19 + (1 - 4)*1. What is the remainder when 71 is divided by j(f)?
34
Suppose 4*r + r + 5 = -s, 0 = -5*s. Let t(m) be the first derivative of 40*m**3/3 + m**2/2 + m - 24. Calculate the remainder when t(r) is divided by 14.
12
Let c(p) = -p**2 - 16*p - 20. Let y(g) = 10*g**2 + g - 1. Calculate the remainder when c(-13) is divided by y(1).
9
Suppose -6 = 2*z - 8. Calculate the remainder when (((-20)/(-8))/5)/(z/14) is divided by 66/14 - (-4)/14.
2
Let k(t) = t**3 - 11*t**2 + 13*t - 11. Suppose 3*r - l = 8, 3*r - 2*l = 2*l - 4. Suppose 3*q = r*q - 55. Calculate the remainder when q is divided by k(10).
17
Suppose -11*k + 9 = -10*k. Let j(p) = p**3 + 2*p + 1. Let g be j(-1). What is the remainder when -17*g*(-1)/(-2) is divided by k?
8
Suppose 8*x - 25423 = -7575. What is the remainder when x is divided by 72?
71
Suppose -5*t = -23 - 12. Let r(h) = -h**2 + 2*h**